e -91 = -5*z + r. What is the tens digit of z?
3
Let w be (80/(-24))/(2/(-48)). Suppose -5*t = 4*z + 5, -4*z = -3*z - 4*t - 25. Suppose z*k - w = -4*b, -k - 32 = -3*k - 3*b. What is the tens digit of k?
1
Let n be 2*-1*60/3. Let p be 0 + (11 - (7 + -3)). What is the tens digit of (p/(-4))/(5/n)?
1
Suppose -7*b + 567 = -6*b. What is the hundreds digit of b?
5
Let l = -884 + 1655. What is the units digit of l?
1
Let b = 9 - 12. Let h be (-2)/13 + (-12808)/(-104). What is the units digit of -1*b/(9/h)?
1
Let l = 1812 - 516. What is the hundreds digit of l?
2
Suppose l + 1 = -c, l + 5*c - 8*c - 11 = 0. Suppose -l*q + 4*q = 10. What is the units digit of q?
5
What is the units digit of (-13)/((-91)/(-70))*-8?
0
Let d = -963 - -1645. What is the hundreds digit of d?
6
What is the units digit of (-1)/(4*10/(-24280))?
7
Let r be 2/(-6) + (-701)/3. Let j = -111 - r. Suppose -5*y + 161 = 2*w - j, 162 = 3*y + 4*w. What is the units digit of y?
8
Let m be ((-10)/4)/(3/6). What is the units digit of -33*((-15)/m)/(-3)?
3
Let u(g) = 4*g**3 + 18*g**2 - 2*g - 14. Let t(f) = -9*f**3 - 37*f**2 + 3*f + 27. Let n(k) = 3*t(k) + 7*u(k). What is the tens digit of n(-15)?
5
Suppose -7*s + 10*s - 204 = 0. Suppose 0 = -3*d + 7*d - s. What is the units digit of d?
7
Let u(j) = 3*j**2 - 2*j - 1. Let f = 5 + 2. Suppose -f*p = -5*p - 6. What is the units digit of u(p)?
0
Suppose -745 = -7*u + 2202. What is the units digit of u?
1
Let b = 1006 + 791. What is the thousands digit of b?
1
Suppose 3*j + j - 16 = 0. Suppose 0 = -3*p - 6, -j*p - 42 = -2*w - p. Let r = 55 + w. What is the units digit of r?
3
Let a(z) = 3*z + 1. Let l be a(1). Suppose l*h - 24 = -2*h. Suppose -3*m = 2*p - 66, 165 = p + h*p + 2*m. What is the tens digit of p?
3
Let i = -56 + 56. Suppose -198 = -0*k - k - 2*m, 4*k + 4*m - 812 = i. What is the units digit of k?
8
Let r = -168 - -98. Let i = 252 + r. What is the hundreds digit of i?
1
Suppose -v = -2*v + 1. What is the tens digit of (8/2 - -67)/v?
7
Let p be 3 + 152/(3 - 7). Let f be ((-46)/8)/(9/(-108)). Let o = f + p. What is the tens digit of o?
3
Let u(f) = f + 10. Let k be u(-7). Suppose -2*b = k*y + y - 434, y + 658 = 3*b. What is the tens digit of b?
1
Let f(n) = 25*n + 58. What is the tens digit of f(16)?
5
Let g(p) be the third derivative of -p**4/12 + p**3/2 + 6*p**2. Let n be g(3). What is the units digit of (-2 + 8)/(n/(-12))?
4
Let k = -2 + -2. What is the tens digit of -4 + 2/(k/(-154))?
7
Let h(n) = n + 218. What is the units digit of h(5)?
3
Suppose -8*x - 1276 = -10*x. What is the tens digit of (-18)/(-72) + x/8?
8
Suppose -91*m = g - 93*m - 929, 4*g + m = 3671. What is the hundreds digit of g?
9
Suppose -12924 = -6*i - 3246. What is the hundreds digit of i?
6
Suppose -8*p + 1654 = -810. Suppose -3*j + f = -p, 0*j + 4*j - 419 = 3*f. What is the tens digit of j?
0
Let g(h) = -h**2 + 22. Let b be g(0). Suppose 0 = 4*p, c + b = -4*p - 23. What is the units digit of (-730)/c - 2/9?
6
Let c = 1068 + -899. What is the hundreds digit of c?
1
Let b(u) = -22*u - 1. Suppose 0 = 4*q - 0*q - 36. Suppose -n + q = 5*y - 10, 20 = 5*y. What is the units digit of b(n)?
1
Suppose 4*d - 5*x - 57 = 0, -5*d + 2*x - 3*x + 35 = 0. Let a(r) be the first derivative of r**4/4 - 8*r**3/3 + 4*r**2 - 2*r - 1. What is the tens digit of a(d)?
6
Suppose -7*x = 5*l - 6*x - 756, 2*x = 4*l - 616. What is the units digit of l?
2
Let l(x) = -2*x**2 + 12*x + 14. Let y be l(7). Suppose 79*c - 76*c - 141 = y. What is the units digit of c?
7
Suppose 0 = -9*v + v + 8. What is the units digit of (2/5)/(v/125)?
0
Let w = -417 + 612. What is the hundreds digit of w?
1
What is the tens digit of -2 - ((-6)/2 + 2 + -773)?
7
Let y = -31 - -27. Let x(w) = 8*w + 14. Let g be x(y). Let i = 52 + g. What is the units digit of i?
4
What is the hundreds digit of 2714/1 + 25 + -23?
7
Suppose 284*i - 283*i = 829. What is the tens digit of i?
2
Suppose 2*d - i - 3 = -2*i, 4*d = -5*i + 15. Let u = 3 - d. What is the tens digit of (10 - u)/((-2)/(-10))?
3
Suppose 176 = 50*y - 46*y. What is the tens digit of y?
4
What is the hundreds digit of (6/(-12) - -3)*(-316)/(-2)?
3
Suppose j = -3*j + 8, y - 3*j = -12. Suppose 3*k - 4*p + 77 = 0, 3*p - 91 = 5*k - k. Let x = y - k. What is the tens digit of x?
1
What is the tens digit of 9*(-4 - (-1914)/18)?
2
Let f(p) = 212*p**2 + 2*p + 1. Let x(m) = m**3 - 6*m**2 - 5*m - 15. Let g be x(7). What is the hundreds digit of f(g)?
2
Let n(m) = m - 1. Let f(u) = 8*u + 1. Let c(h) = f(h) + 5*n(h). What is the units digit of c(2)?
2
Suppose -8*i + 27 = -11*i. What is the units digit of (i/(-15))/((-9)/(-30)) - 0?
2
Let d be ((-3)/2)/(3/(-788)). Suppose 39 = -5*v + d. What is the units digit of v?
1
Let p = 1355 - -1005. What is the tens digit of p?
6
Let l(y) = 15*y**3 - 3*y**2 - 14*y - 9. What is the thousands digit of l(5)?
1
Let f(l) = 35*l**3 - 10*l**2 + 9*l + 15. What is the thousands digit of f(4)?
2
Let z = 1071 - 548. What is the tens digit of z?
2
Let o = -11 + 14. Let r(n) = -n + 4*n - 3*n + 4*n - n**2. What is the units digit of r(o)?
3
Let u be (108/8 + 3)/(6/200). Let h = u - 393. What is the tens digit of h?
5
Suppose 200 = 3*m - 8*m. Let d = m + 83. What is the units digit of d?
3
Suppose -5*c + 22 = 2*f, 3*f + 9 = -3*c + 24. Suppose -4*q - f = -g, 5*q = 4*g - 1 - 3. What is the tens digit of (22 - 6) + q + 2?
1
What is the units digit of (48/60)/((-2656)/1330 + 2)?
6
Suppose 0 = -3*t - 2*t + 5. Suppose 0 = -2*p + t + 7. What is the tens digit of (-50)/(-1) - (p + -3)?
4
Suppose -4*l - 68*l + 99504 = 0. What is the hundreds digit of l?
3
Let g = -9 - -16. Suppose 5*t - g = 58. What is the units digit of t?
3
Suppose 0 = -4*g + 95 - 419. Let f = g + 143. What is the units digit of f?
2
What is the hundreds digit of -6 + 2 - (0 - (-4 - -2203))?
1
Let h be (4 - 1)*3/3. Let d be 4/36*-3*h. Let t = d - -17. What is the units digit of t?
6
Let k = -4114 + 5803. What is the units digit of k?
9
Let w(n) = -5*n - 11. Let d be (((-4)/3)/1)/((-1)/(-3)). What is the units digit of w(d)?
9
Suppose 126 = -16*p + 13326. What is the hundreds digit of p?
8
Suppose 73*t - 65*t - 1944 = 0. Suppose -5*r = 5*f - 395, -f = 2*f - 3*r - t. What is the tens digit of f?
8
Let t(z) = 2*z**3 - 5*z + 2. Suppose -4*k - 13 = -5*d, 4*d = 3*k + 3 + 8. What is the units digit of t(d)?
7
Let a be (-6)/((-10)/(-8) + -2). Suppose 6 = 9*f - a*f. Suppose f = -4*b + 18. What is the units digit of b?
3
Let r(v) = -3*v + 25. Let q be r(6). Suppose -3*b + 12 = -q*b, 116 = t + b. What is the units digit of t?
9
Let d(g) = -10*g - 5 + 2*g + 4*g**2 + 3*g. Let a = -6 - -11. What is the units digit of d(a)?
0
Suppose -57*w - 4608 = -63*w. What is the tens digit of w?
6
Suppose 2*r + 22 = -v - 3*v, -5*r = 15. Let k be (-1)/v - 2101/(-44). Suppose -3*i + k = i. What is the units digit of i?
2
Let v = 23 - 99. Let t = v - -149. What is the tens digit of t?
7
Suppose 4*r - 8 = -0*r. Suppose 12 = -3*b, 5*l = r*l - b + 5. What is the tens digit of ((-156)/(-18))/(2/l)?
1
Let c(x) = -543*x + 1. What is the hundreds digit of c(-1)?
5
Let z(p) be the third derivative of -p**6/120 + 7*p**5/60 + p**4/24 - p**3/3 + 8*p**2. What is the units digit of z(4)?
0
Suppose -5*h - v + 20 = 0, 5 = -3*h - 4*v - 0. Suppose 2*t = 2*l + 242, 13*t - 17*t + h*l = -488. What is the hundreds digit of t?
1
Let d(k) = -5*k - 6. Let v be d(6). Let x = 80 - v. What is the tens digit of x?
1
Let d(t) be the first derivative of t**4/4 - 3*t**3 - 5*t**2 - t - 6. Let s be d(10). What is the units digit of s/(4 - (-330)/(-82))?
1
Let b be -6 - -14 - (2 + 2). Suppose v + 0 = b, -3*h + 4 = v. Suppose -36 = -a - h*a. What is the units digit of a?
6
Suppose 64*l + 12 = 68*l. Suppose x = -3*v + 35, l*x - 77 = x + v. What is the units digit of x?
8
Let h(d) = -2*d**2 + 8*d - 7. Let j be h(6). Let t = 201 - j. What is the hundreds digit of t?
2
Suppose 2*g + 5*c - 369 = 130, -3*g + 777 = -2*c. Let x = 373 - g. What is the tens digit of x?
1
Let o(x) be the third derivative of 2*x**5/15 + x**4/12 + 38*x**2. What is the tens digit of o(2)?
3
Let q(o) = o - 2. Let u be q(6). Suppose 3*k - 545 = -m, -550 = -3*k - 6*m + u*m. Suppose -s = 3*s - k. What is the units digit of s?
5
Let r(v) = -104*v - 92. What is the tens digit of r(-4)?
2
Let i 